/(-1). What is the tens digit of t(r)?
2
Let v = -73 + 112. Let h(l) = -4*l**2 + 2*l + 3. Let p be h(3). Let k = p + v. What is the units digit of k?
2
Let s(p) = p**2 + 4*p + 5. Let t be s(-3). Let x(y) = 6*y**2 - 14*y**2 + y**3 - 12 + 4 - 7*y - t. What is the units digit of x(9)?
8
Let p = 5874 + -4191. What is the tens digit of p?
8
Let r(t) = 30*t - 25. Let a be r(-5). What is the units digit of (-3 - a/55) + (-1648)/(-11)?
0
Let o be 24/6 + (1 - -1). Let x be o/(-27) - 116/(-36). Suppose -2*k = -s + 31 + 5, -s + x*k + 41 = 0. What is the units digit of s?
6
What is the hundreds digit of -11 + 2374 - (-2 + 9)?
3
Suppose -17*h + 22*h - 255 = 0. Suppose -3*i = -165 - h. What is the units digit of i?
2
Let p be 1/(((-14)/54)/(-7)). Suppose 9 + p = 2*g. What is the tens digit of g?
1
Suppose 0 = -2*j - j - 9. Let f(v) = 4*v**2 + 4*v - 45. Let q(d) = -5*d**2 - 5*d + 45. Let z(u) = j*q(u) - 4*f(u). What is the units digit of z(0)?
5
Let g = 21 - 27. What is the units digit of g/(-21) + (-2892)/(-21)?
8
Suppose 0 = -11*h + 7*h - 32. What is the tens digit of 4*(-1 + (-92)/h)?
4
Let y(h) = -h**3 - 9*h**2 + 7*h - 5. Let c(x) = -x**2 + 6. Let v be c(-4). What is the tens digit of y(v)?
2
Suppose 0 = -r + 2*r - 2712. What is the thousands digit of r?
2
Suppose -27 = 8*a + a. What is the tens digit of ((-2)/3)/(a/99)?
2
Suppose -a = 4*p + 20, 2*p = p - a - 5. Let g be p/(5/(-9))*5. Suppose 0 = 2*n - 5*n + g. What is the tens digit of n?
1
Let p be ((-59)/(-2))/(5/(-10)). Suppose -5*a = 3*j + 384, -5*a + 3*a = 0. Let q = p - j. What is the units digit of q?
9
Suppose 0 = -5*m + 26 - 1. Suppose h + 460 = m*k, 0 = 2*k - 6*k - 4*h + 368. What is the tens digit of k?
9
Let z(x) = x**2 + 8*x + 3. Suppose -12 + 44 = 2*h. Let r = h - 26. What is the tens digit of z(r)?
2
Suppose -8*p - 18 = -5*p. Let n be ((-78)/(-9))/(4/p). Let y = 39 + n. What is the units digit of y?
6
Let g(m) = 5*m**2 - 2*m + 2. Let b(j) = -j + 12. Let h be b(10). Let l be g(h). Suppose -6*d = -4*d - l. What is the units digit of d?
9
Suppose -2*w + 6*w + 2*v = 2816, -2*w - 5*v + 1416 = 0. Suppose -w - 372 = -5*x. Suppose x = 7*n - 2*n. What is the units digit of n?
3
What is the tens digit of 12/(-8)*(-1704)/9?
8
Suppose 0 = -0*u - 3*u - 132. Let h = u + 63. What is the tens digit of h?
1
Let v(b) = -156*b - 2. Let h be v(-2). What is the tens digit of (42/105)/(2/h)?
6
Let n(u) = -u**3 + 4*u**2 + 2*u - 3. Let i be n(4). Suppose -i*y + 50 = -135. What is the tens digit of y?
3
Suppose 0 = 13*o - 3*o. Suppose 3*n - 538 + 28 = o. What is the tens digit of n?
7
Let n(f) = 60*f**2 + 5*f + 30. What is the hundreds digit of n(-4)?
9
Let c(q) = q**3 - 6*q**2 - 11. Let b(v) = -v**2. Let u(n) = -6*b(n) - c(n). What is the tens digit of u(11)?
3
Suppose -t - s = -4*s + 4, 3*t + 26 = -5*s. Let y(b) = -14*b**2 + 22*b**2 - 9*b**2 + 6 - 9*b. What is the tens digit of y(t)?
2
Let r = 44 + 116. Suppose 4*i = -0*i + r. What is the units digit of i?
0
Let g be (21 - 19)/(3 - 1). Suppose 5*q = 2*y + 4, 0 = q + 5*y - 18 + g. Suppose k + 66 = q*k. What is the units digit of k?
6
Suppose -35*z + 60*z = 24500. What is the hundreds digit of z?
9
Let b = 754 - 167. What is the hundreds digit of b?
5
Let f = 12 + -12. Suppose 2*x - 4*x = f. Suppose x = 3*u - 4*u + 5. What is the units digit of u?
5
Suppose -2*a + 4 = -4. Let q(c) = 4*c + 3 + c**3 - 4*c**3 - 6*c + a*c**3. What is the units digit of q(0)?
3
Let t = -66 - -15. Let a = 120 - t. What is the hundreds digit of a?
1
Let g = 47 + -48. What is the units digit of 48 + 0 + (g - 0)?
7
Let w(s) = s**3 - 3*s**2 + 2*s - 1. Let l be w(4). Let g = l - 22. What is the units digit of g?
1
Let i(x) = 4*x**2 + 21*x + 15. What is the units digit of i(-18)?
3
Suppose 87 - 387 = -v + 2*n, 2*n = -5*v + 1476. What is the hundreds digit of v?
2
What is the units digit of (-16779)/(-12) + 17/(-68)?
8
Let t(p) = 3*p - 2. Let v be t(2). Let q be 0*(v + -1 + -2). Suppose q = 3*u - 5*a - 9, 0*a = -u - 3*a + 3. What is the units digit of u?
3
Suppose 0 = -0*z - 5*z + 260. Let y = -44 + z. What is the units digit of y?
8
Let b(g) = g**3 - 6*g**2 - g + 4. Let k be b(6). Let u(t) = t**2 - 5*t - 1. Let d be u(6). Let r = d + k. What is the units digit of r?
3
Let j(k) = -k**2 + k + 1. Let q(s) = -s**3 - 6*s**2 + 3*s - 3. Let l(r) = 2*j(r) - q(r). Let n be -1 + ((-14)/5 - (-4)/(-20)). What is the units digit of l(n)?
9
Suppose -2675 = -4*n - 5*w + 4809, 12 = -3*w. What is the hundreds digit of n?
8
Suppose 3*b - 2*v - 3112 = 0, v + 4244 = 3*b + 1131. What is the tens digit of b?
3
Suppose 4*c = 56 + 120. Let g = -4 - -29. Let a = c - g. What is the units digit of a?
9
Let s(a) = -a - 2 + 1 - 17. Let p be s(-8). What is the tens digit of (12/p)/((-13)/390)?
3
Suppose 5*h - 3*o = 4299, -2*o + 3 = -1. What is the hundreds digit of h?
8
Let w be (1/(-2))/((-2)/(-148)). Let z = w - -54. Let f = z - -29. What is the units digit of f?
6
Let z(l) = l + 15. Let v(q) = -q - 15. Let m = 35 + -50. Let h be v(m). What is the units digit of z(h)?
5
Suppose -2*c = -5*b - 7 - 0, 3*b - 1 = -4*c. What is the hundreds digit of (b + (-8)/(-6))/((-59)/(-25311))?
1
Let m = -21 + 25. Suppose -341 = -m*d - 17. What is the units digit of d?
1
Suppose 589 = 11*r - 148. Let x = r + 24. What is the tens digit of x?
9
Suppose 0 = -3*d - 19 + 115. Suppose d - 6 = -z. Let r = z - -36. What is the tens digit of r?
1
Suppose 3*u - 6 - 6 = 0. Suppose -u*t + 117 = -0*t - k, k + 33 = t. What is the tens digit of t?
2
Suppose -5*g = 5*z - 40, 4 - 24 = -2*g - 3*z. Suppose -6*t + 4*t = -5*y + 130, -g*t = -5*y + 120. What is the units digit of y?
8
Let n = 7072 + -4629. What is the thousands digit of n?
2
Let b(c) = -c**2 - 10*c - 8. Let l be b(-7). Let k(y) = 6*y + 29. What is the units digit of k(l)?
7
What is the hundreds digit of (-1 + (-1615)/(-25))*5?
3
Let v be (-1 + -2)*-5 + -4. Suppose 4*k = 2*a - 18, 4*a - 32 - v = k. What is the tens digit of a?
1
Suppose -2*f + 2*u = -32, -2*f - 29 = -4*f + 5*u. Let o = f + 18. What is the units digit of o?
5
Let s = -248 + 448. Let m = s + -110. What is the tens digit of m?
9
Suppose 0 = -13*a + 10*a + 3*h + 1668, -3*a = 4*h - 1682. What is the hundreds digit of a?
5
Let n(r) = r**2 - 2*r + 1. Let y be n(-7). Suppose 4*f + 172 = -4*b, 3 = -f - 2. Let p = b + y. What is the tens digit of p?
2
Let b = 545 - 7. What is the hundreds digit of b?
5
Let b = -3008 + 5166. What is the hundreds digit of b?
1
Let m(f) = 43*f + 8. Let n be m(-5). Let g = n + 367. What is the units digit of g?
0
Let l(v) = 53*v**2 - 4*v - 15. What is the thousands digit of l(5)?
1
Suppose -3*o - 2*t + 1800 = -70, 4*o = 4*t + 2500. What is the tens digit of o?
2
Let r = 374 - 253. Let i = 186 - r. What is the tens digit of i?
6
Suppose -6*o + 17*o = 0. Suppose 5*f - 6 - 744 = o. What is the tens digit of f?
5
Let m be (216/81)/((-4)/(-6)). Suppose -150 = -4*v + 174. Suppose m*z = z + v. What is the tens digit of z?
2
Let a = 2635 + -1533. What is the hundreds digit of a?
1
Let k be 1/6 + 1/(12/(-2)). Let s(n) = -2*n**3 + n**2 - n + 211. What is the tens digit of s(k)?
1
Let t be 715 + (-4)/((-4)/5). Suppose 6*o - t = -2*o. What is the units digit of o?
0
Let k(n) = 77*n**2 + n - 1. Let j be k(-2). Suppose 3*t = -12*v + 14*v + j, t + v = 100. What is the hundreds digit of t?
1
Let t(k) = -k**3 + 13*k**2 + 6*k + 16. Let a be t(13). Let s = a - 41. What is the tens digit of s?
5
Let h(k) = -k**2 + 7*k + 3. Let u be h(6). Let m be 1 - (u - 3)/(-2). Suppose -m*r = -5*r + 40. What is the tens digit of r?
4
Let u be -10 + ((-4)/3)/((-24)/(-36)). Let l = u - -70. What is the units digit of l?
8
Let f be (8/(-4))/((-2)/(-47)). Let n = 93 + f. Let w = -6 + n. What is the units digit of w?
0
Let q = 35 - 32. Suppose q*b - 128 = -2*f + 6*f, -b + f + 41 = 0. What is the units digit of b?
6
What is the hundreds digit of 4041*((-133)/(-228) - 1/4)?
3
Suppose -g + 5*d - 3 = 3, 9 = 3*d. Let r(p) = 3*p - 9. Let t be r(g). Suppose -2*u + 90 = t. What is the units digit of u?
6
Let y be 2/(2/(4/2)). Suppose 0*k = -y*k. Suppose k = -4*l + 69 - 1. What is the tens digit of l?
1
Let i = 22 - 22. Let o be 7 + (-2 - 0) + i. Suppose o*m + 4 = 84. What is the tens digit of m?
1
Suppose 5*k = 2*k + 228. Let j = -70 - -75. Suppose